= -5*o + y*v. What is the units digit of o?
5
Suppose u = 3*v - 1, 0*u - 11 = 3*u - v. Let p = u + 7. Suppose -1 - 5 = -p*s. What is the units digit of s?
2
Suppose 4*u = 3*n + 2*n - 101, -n = -5*u - 16. What is the units digit of 9/n - (-11)/7?
2
Let h(f) = -f**2 - 10*f - 1. What is the tens digit of h(-4)?
2
Suppose -140 = -4*i + 5*r, 3*r - r + 70 = 2*i. What is the tens digit of i?
3
Suppose -2*z + 68 = -f - 0*f, f - 68 = -2*z. What is the units digit of z?
4
Suppose -2*u + 128 = -0*u. What is the tens digit of u?
6
Let k be (8/5)/((-3)/(-30)). Suppose 0 = -3*i + 5*i - k. What is the units digit of i?
8
Let i(b) = -2 + 1 - 2 + b**2 - 2*b + 0*b. Let z be i(-2). Suppose -5 = -q + 2*h, 0*h = z*h - 5. What is the units digit of q?
7
Let w(h) = h + 15. Let j be w(-11). What is the tens digit of 5 + -2 - (-28)/j?
1
Let p(y) = 5*y. Suppose 0 = 4*r + 3*v - 16, 3*r + 7 = 2*v + 2. What is the units digit of p(r)?
5
Let r be (-4)/(-10) + (-4)/10. Suppose r + 8 = 4*x. Suppose 7 = -x*y + 7*y + 2*v, v + 4 = 0. What is the units digit of y?
3
Suppose -p + 133 + 156 = 4*y, 0 = -p + y + 299. What is the units digit of p?
7
Suppose -6*n + 39 = -9*n. Let i = n - -21. What is the units digit of i?
8
Let g be 4/22 + 5222/77. Suppose -3*m = -2*m - o - 20, -g = -4*m + o. What is the units digit of m?
6
Let v = -13 - -17. Suppose 9*u = v*u + 150. What is the units digit of u?
0
What is the units digit of (-2)/(-5) + 3/5?
1
Suppose -3*b + 4 = v + 4*v, -16 = -4*b + 4*v. Suppose 4*k + b = 5*t, 3*t - t - 18 = -4*k. Suppose 0 = -t*q - q + 80. What is the tens digit of q?
2
Suppose -a = 2*a + 45. Let l = a + 18. What is the units digit of l?
3
Let z be (-75)/10*8/6. Let m = -22 - z. What is the units digit of m*(-2 + (-6)/(-4))?
6
Let w(d) = -3*d**2 - 7*d + 7. Let l(r) = -2*r**2 - 5*r + 5. Let h(i) = -7*l(i) + 5*w(i). Let v be h(0). What is the units digit of -2 - v - (2 - 12)?
8
Let j(t) = -t**2 + 8*t - 9. Let k be j(6). Let q = k - -2. Suppose 4 = q*i - 11. What is the units digit of i?
3
Let z(j) = -2*j**3 - 7*j**2 + 2*j + 4. Let k be z(-6). Let b = -306 + k. What is the units digit of b/(-12) + 4/(-24)?
1
Let t = -6 + 6. Suppose t = -4*v - 0*v + 140. What is the tens digit of v?
3
Let i = -18 - -20. Let a(h) = 7*h - 3. What is the units digit of a(i)?
1
Let z = -246 + 359. What is the units digit of z?
3
Let n(z) = z**3 + z**2 + z + 4. Let w be n(0). Suppose x + 0*x - s = -w, -x + 5*s = 20. Suppose x*a + 18 = 2*a. What is the units digit of a?
9
Let t be (3 + -3)/((-3)/(-3)). Let o = t + 17. What is the units digit of o?
7
Let t = 7 + -5. Suppose -5*c - v = -1 - 2, 0 = -t*c - 2*v - 2. Suppose o + c = 3. What is the units digit of o?
2
Let j be 1/4 - 54/(-8). Suppose -5*m + 3 = -j. Suppose r = -m*g - 3, 0*r + 5*r - 20 = -3*g. What is the units digit of r?
7
Let o(y) = y**2 + 2*y + 5. What is the units digit of o(5)?
0
Suppose 0 = -2*p - 3*b + 94, -94 = -2*p - 4*b. Suppose 2 = -4*y - 4*w + 78, -p = -3*y - 5*w. What is the units digit of y?
4
Let f = 19 - -14. What is the units digit of f?
3
Suppose 3*l + 12 = 0, -l = -4*y + 450 + 2. What is the units digit of y?
2
Suppose -4*y + 52 + 84 = 0. What is the tens digit of y?
3
Let q(n) be the second derivative of 13*n**5/20 - n**4/6 + n**3/3 - n**2/2 - n. What is the units digit of q(1)?
2
Let x = -114 + 253. What is the hundreds digit of x?
1
Let b(g) = -g**3 - g + 8. Let a be 8/24 - (-10)/6. Suppose 4 = 2*i - 2*s, -a*s + 5*s + 6 = 0. What is the units digit of b(i)?
8
Let n = 4 - 2. What is the units digit of n?
2
Let x(f) = f**2 - 3*f - 10. Suppose 0*h + 3*h + 15 = 3*r, -2*h - 3 = -r. What is the tens digit of x(r)?
1
Let t = 2 + 3. Suppose 0 = -f - 2, 149 = t*r + 2*f - 4*f. What is the units digit of r?
9
What is the hundreds digit of (-2 + 150/5)*94/8?
3
Let k = 170 + -70. What is the units digit of k?
0
Let o be -1*3/(-6)*6. Suppose -12 = -2*w - 4*x, 4*w - 44 = o*x - x. What is the tens digit of w?
1
Let d(g) = -g + 1. Let s be d(2). Let a = s - 2. Let o = a + 5. What is the units digit of o?
2
Let k = -38 + 70. What is the tens digit of k?
3
Let j = 3 - 4. Let d be (3 - (2 - 2))/1. What is the units digit of j*(-1 + d) + 8?
6
Let y(v) = -v**3 - 6*v**2 - 5*v + 6. Let l be y(-5). What is the tens digit of ((-68)/6)/(l/(-9))?
1
Suppose 5*i = -b - 0*i + 366, 2*b + 4*i = 720. What is the units digit of b?
6
Let a(j) = -4*j**3 + j**2 + j - 2. What is the tens digit of a(-2)?
3
Let k be (3/2)/(2/4). Suppose -4*h + 11 = m, 0*m - k*m + h + 46 = 0. What is the units digit of m?
5
Let q(j) = -13*j**2 + 1. Let v be q(1). What is the tens digit of (8/v)/((-2)/75)?
2
Let a = 0 - -10. What is the units digit of (-6)/3 + a*1?
8
Let q = -7 - -5. Let n = 3 - q. Suppose 5*z + 4*x - 98 = 0, -n*x = 2*z - 23 - 23. What is the units digit of z?
8
Suppose l - 3*k + 2 - 7 = 0, -3*l = -2*k - 8. Let a be l*(6/4 - 0). Suppose -2*v - a*v = -60. What is the tens digit of v?
1
Let t = 19 + -1. What is the units digit of t?
8
Let u = 95 + -145. Let k = -29 - u. What is the units digit of k?
1
Suppose -458 = -9*x + 712. What is the hundreds digit of x?
1
Let t(s) = 2*s. Let p be t(7). Suppose 0 = 2*y - 46 + p. What is the units digit of y?
6
Let h(u) = u - 3. Let l be 54/10 - (-6)/(-15). Let k be h(l). Suppose -k*w = -3 - 15. What is the units digit of w?
9
What is the units digit of 72/(3 + 1) - -1?
9
Suppose -g + 4 = 9. Let s(b) = b**3 + 6*b**2 + 4*b - 2. What is the units digit of s(g)?
3
Suppose 3*n - s = 3, -n - 2*s = n - 10. Suppose 2*u = -5*w + 76, -5*u - 26 = w - n*w. Suppose -i - w = 3*i, 0 = 4*m + 4*i - 16. What is the units digit of m?
8
Let b(w) = 3*w + 4. Let i be b(3). Let n = i + -11. What is the units digit of n?
2
Let m(u) = -4*u**3 + u**2 - 1. Let x be m(1). Let i = x + 2. What is the units digit of (i/8)/(2/(-8))?
1
Let r be (2/(-3))/((-4)/6). Suppose r = a - 0. What is the units digit of a?
1
Let o = 6 - 9. Let p be (6 + -2)/(-1 - o). Suppose 0 = p*u + 3*u - 75. What is the units digit of u?
5
Let b(v) = -v**3 + 3*v**2 + v + 2. Let a be b(3). Suppose -7*y = -a*y - 72. What is the tens digit of y?
3
Let s = -8 + 8. Suppose a + f - 8 = 0, -a = -s*f - f - 6. What is the units digit of a?
7
Suppose 7*q = 6*q + 3. Suppose -3*l = -q*v + 4*v - 11, -3*l = -v + 29. What is the tens digit of v?
2
Suppose r + 2 = 4*q + 1, -2*q = -3*r - 3. Suppose 0 = -3*m + 4*y - y + 12, q = -4*m - 5*y + 7. Suppose k + 2 = m. What is the units digit of k?
1
Let q(j) = -j**3 + 4*j**2 + 2*j - 5. Let h be q(4). Let o(n) = 4*n - 1. What is the tens digit of o(h)?
1
Let f be 10/(-4)*6/(-5). Let a(p) = 2*p**2 + 2. What is the units digit of a(f)?
0
Let g(y) = -y**2 - 5*y + 7. Let w be g(-6). What is the tens digit of (3 - -12)/(2 - w)?
1
Let v(a) = a**2 + 8*a + 2. Let c be v(-8). Suppose -q = c*q. What is the units digit of (0 - (-1 + q)) + 1?
2
Let p(w) = w**2 + w - 5. What is the tens digit of p(-7)?
3
Suppose -368 = -4*f + w + 3*w, -f - 3*w = -100. What is the tens digit of f?
9
Let x(d) = 2*d + 3*d + 7*d + 1. Suppose -7*h + 3*h + 4 = 0. What is the units digit of x(h)?
3
Suppose 0*f + 5*j = -2*f + 131, 0 = -3*j + 3. What is the tens digit of f?
6
Suppose 5*p + 30 = 75. What is the units digit of p?
9
Let n(p) = -2*p - 9. Let z be n(-6). Suppose z*k = 2*k + 5. Suppose -k*i = -5 - 0. What is the units digit of i?
1
Suppose -2*l + 9 = 3*f, -4*l = -2*f - 0*f + 6. Suppose -2*p + 8 + l = 0. Suppose p*w + w = 60. What is the tens digit of w?
1
Let z = -9 - -8. Let q be ((6 - 2) + z)*1. Suppose 2*v - q = 1. What is the units digit of v?
2
Suppose 0 = 3*u - 55 - 17. Suppose -120 = -3*c - 0*c. Let w = c - u. What is the units digit of w?
6
Let i(t) = -t**3 - 3*t**2 + 3*t - 1. Let x be i(-4). Suppose -6*q - 30 = -x*q. What is the units digit of (-189)/(-15) - 4/q?
3
Suppose -3*k + 366 + 69 = -3*v, 0 = -2*k + 4*v + 290. What is the tens digit of k?
4
Let d = -10 - -10. Suppose q + 0 - 3 = d. What is the units digit of q?
3
Let n(l) = l**2. Let a be n(-2). Suppose a*o = -4*s + 24, 0 = -0*o + 4*o + 2*s - 18. Suppose -4 = o*d - 7*d, -i + 9 = 4*d. What is the units digit of i?
5
Suppose 0*y + 2*y + 36 = 0. Let a = 35 + y. What is the tens digit of a?
1
Let v = 166 + -110. What is the units digit of v?
6
Let d = 11 - 26. Let z be (-2 - 10)*d/10. What is the units digit 